{"id":2442,"date":"2026-03-07T00:14:59","date_gmt":"2026-03-07T00:14:59","guid":{"rendered":"https:\/\/pytgascompany.com\/nweb\/?post_type=product&#038;p=2442"},"modified":"2026-03-07T00:14:59","modified_gmt":"2026-03-07T00:14:59","slug":"revision-de-terma","status":"publish","type":"product","link":"https:\/\/pytgascompany.com\/nweb\/producto\/revision-de-terma\/","title":{"rendered":"Revisi\u00f3n de terma"},"content":{"rendered":"<p>Es com\u00fan que con el uso constante que se les da a las termas, mayormente en la temporada de invierno estas puedan presentar alg\u00fan tipo de problemas. Nosotros te asignaremos a uno de nuestros t\u00e9cnicos altamente capacitados para brindarte el diagn\u00f3stico correspondiente.<\/p>\n","protected":false},"excerpt":{"rendered":"<p>Es com\u00fan que con el uso constante que se les da a las termas, mayormente en la temporada de invierno estas puedan presentar alg\u00fan tipo de problemas. Nosotros te asignaremos a uno de nuestros t\u00e9cnicos altamente capacitados para brindarte el diagn\u00f3stico correspondiente.<\/p>\n","protected":false},"featured_media":2443,"comment_status":"open","ping_status":"closed","template":"","meta":[],"class_list":["post-2442","product","type-product","status-publish","has-post-thumbnail","hentry","product_cat-sin-categorizar"],"_links":{"self":[{"href":"https:\/\/pytgascompany.com\/nweb\/wp-json\/wp\/v2\/product\/2442","targetHints":{"allow":["GET"]}}],"collection":[{"href":"https:\/\/pytgascompany.com\/nweb\/wp-json\/wp\/v2\/product"}],"about":[{"href":"https:\/\/pytgascompany.com\/nweb\/wp-json\/wp\/v2\/types\/product"}],"replies":[{"embeddable":true,"href":"https:\/\/pytgascompany.com\/nweb\/wp-json\/wp\/v2\/comments?post=2442"}],"wp:featuredmedia":[{"embeddable":true,"href":"https:\/\/pytgascompany.com\/nweb\/wp-json\/wp\/v2\/media\/2443"}],"wp:attachment":[{"href":"https:\/\/pytgascompany.com\/nweb\/wp-json\/wp\/v2\/media?parent=2442"}],"curies":[{"name":"wp","href":"https:\/\/api.w.org\/{rel}","templated":true}]}}