{"id":2445,"date":"2026-03-07T00:49:59","date_gmt":"2026-03-07T00:49:59","guid":{"rendered":"https:\/\/pytgascompany.com\/nweb\/?post_type=product&#038;p=2445"},"modified":"2026-03-07T01:50:49","modified_gmt":"2026-03-07T01:50:49","slug":"mantenimiento-de-calentador-bosch-5-5-lts","status":"publish","type":"product","link":"https:\/\/pytgascompany.com\/nweb\/producto\/mantenimiento-de-calentador-bosch-5-5-lts\/","title":{"rendered":"Mantenimiento de calentador 5.5 Lts"},"content":{"rendered":"<p>Realiza el mantenimiento y disfruta de agua caliente todo el a\u00f1o, evita el mal funcionamiento y la temperatura inadecuada, evita el sarro y la obstrucci\u00f3n de las tuber\u00edas internas<\/p>\n","protected":false},"excerpt":{"rendered":"<p>Realiza el mantenimiento y disfruta de agua caliente todo el a\u00f1o, evita el mal funcionamiento y la temperatura inadecuada, evita el sarro y la obstrucci\u00f3n de las tuber\u00edas internas<\/p>\n","protected":false},"featured_media":2398,"comment_status":"open","ping_status":"closed","template":"","meta":[],"class_list":["post-2445","product","type-product","status-publish","has-post-thumbnail","hentry","product_cat-sin-categorizar"],"_links":{"self":[{"href":"https:\/\/pytgascompany.com\/nweb\/wp-json\/wp\/v2\/product\/2445","targetHints":{"allow":["GET"]}}],"collection":[{"href":"https:\/\/pytgascompany.com\/nweb\/wp-json\/wp\/v2\/product"}],"about":[{"href":"https:\/\/pytgascompany.com\/nweb\/wp-json\/wp\/v2\/types\/product"}],"replies":[{"embeddable":true,"href":"https:\/\/pytgascompany.com\/nweb\/wp-json\/wp\/v2\/comments?post=2445"}],"wp:featuredmedia":[{"embeddable":true,"href":"https:\/\/pytgascompany.com\/nweb\/wp-json\/wp\/v2\/media\/2398"}],"wp:attachment":[{"href":"https:\/\/pytgascompany.com\/nweb\/wp-json\/wp\/v2\/media?parent=2445"}],"curies":[{"name":"wp","href":"https:\/\/api.w.org\/{rel}","templated":true}]}}