{"id":2447,"date":"2026-03-07T01:40:10","date_gmt":"2026-03-07T01:40:10","guid":{"rendered":"https:\/\/pytgascompany.com\/nweb\/?post_type=product&#038;p=2447"},"modified":"2026-03-07T01:50:32","modified_gmt":"2026-03-07T01:50:32","slug":"mantenimiento-de-terma-premium","status":"publish","type":"product","link":"https:\/\/pytgascompany.com\/nweb\/producto\/mantenimiento-de-terma-premium\/","title":{"rendered":"Mantenimiento de terma premium"},"content":{"rendered":"<p>Realiza el mantenimiento y disfruta de agua caliente todo el a\u00f1o, evita el mal funcionamiento y la temperatura inadecuada, evita el sarro y la obstrucci\u00f3n de las tuber\u00edas internas<\/p>\n","protected":false},"excerpt":{"rendered":"<p>Realiza el mantenimiento y disfruta de agua caliente todo el a\u00f1o, evita el mal funcionamiento y la temperatura inadecuada, evita el sarro y la obstrucci\u00f3n de las tuber\u00edas internas<\/p>\n","protected":false},"featured_media":0,"comment_status":"open","ping_status":"closed","template":"","meta":[],"class_list":["post-2447","product","type-product","status-publish","hentry","product_cat-sin-categorizar"],"_links":{"self":[{"href":"https:\/\/pytgascompany.com\/nweb\/wp-json\/wp\/v2\/product\/2447","targetHints":{"allow":["GET"]}}],"collection":[{"href":"https:\/\/pytgascompany.com\/nweb\/wp-json\/wp\/v2\/product"}],"about":[{"href":"https:\/\/pytgascompany.com\/nweb\/wp-json\/wp\/v2\/types\/product"}],"replies":[{"embeddable":true,"href":"https:\/\/pytgascompany.com\/nweb\/wp-json\/wp\/v2\/comments?post=2447"}],"wp:attachment":[{"href":"https:\/\/pytgascompany.com\/nweb\/wp-json\/wp\/v2\/media?parent=2447"}],"curies":[{"name":"wp","href":"https:\/\/api.w.org\/{rel}","templated":true}]}}